{"id":106,"date":"2025-01-05T20:24:51","date_gmt":"2025-01-05T20:24:51","guid":{"rendered":"http:\/\/psychotherapie-guth-minden.de\/?page_id=106"},"modified":"2025-01-29T16:10:38","modified_gmt":"2025-01-29T16:10:38","slug":"meine-therapiemethode","status":"publish","type":"page","link":"http:\/\/psychotherapie-guth-minden.de\/?page_id=106","title":{"rendered":"Meine Therapiemethode"},"content":{"rendered":"<p class=\"p1\" style=\"text-align: right;\"><img loading=\"lazy\" decoding=\"async\" class=\"alignnone size-medium wp-image-123\" src=\"http:\/\/psychotherapie-guth-minden.de\/wp-content\/uploads\/2025\/01\/praxis-bild-2-225x300.jpg\" alt=\"\" width=\"225\" height=\"300\" srcset=\"http:\/\/psychotherapie-guth-minden.de\/wp-content\/uploads\/2025\/01\/praxis-bild-2-225x300.jpg 225w, http:\/\/psychotherapie-guth-minden.de\/wp-content\/uploads\/2025\/01\/praxis-bild-2-768x1024.jpg 768w, http:\/\/psychotherapie-guth-minden.de\/wp-content\/uploads\/2025\/01\/praxis-bild-2-1152x1536.jpg 1152w, http:\/\/psychotherapie-guth-minden.de\/wp-content\/uploads\/2025\/01\/praxis-bild-2-1536x2048.jpg 1536w, http:\/\/psychotherapie-guth-minden.de\/wp-content\/uploads\/2025\/01\/praxis-bild-2-scaled.jpg 1920w\" sizes=\"auto, (max-width: 225px) 100vw, 225px\" \/><\/p>\n<p class=\"p1\" style=\"text-align: right;\">Sie \u00fcberlegen eine Psychotherapie zu beginnen? Dazu geh\u00f6rt immer auch ein wenig Mut, da der Gang zur Psychotherapeutin auch heute noch nicht selbstverst\u00e4ndlich ist. Die folgenden Informationen sollen Ihnen zur Vorbereitung auf die Therapie dienen.<\/p>\n<p class=\"p1\" style=\"text-align: right;\">W\u00e4hrend die Verhaltenstherapie vor allem darauf abzielt, schnell eine Beeinflussung des st\u00f6renden Verhaltens zu erzielen, m\u00f6chte die tiefenpsychologisch fundierte Psychotherapie ein tieferes Verst\u00e4ndnis f\u00fcr die Ursachen der Symptome ergr\u00fcnden, wobei die psychischen und psychosomatischen Symptome als Signale der Seele oder des K\u00f6rpers angesehen werden. Dahinter steht die Annahme: erst wenn ich diese Signale verstanden habe, k\u00f6nnen sich die Symptome aufl\u00f6sen.<\/p>\n<p class=\"p1\" style=\"text-align: right;\">F\u00fcr Personen, die sich eher konkrete Anweisungen oder Handlungsvorschl\u00e4ge innerhalb der Therapie w\u00fcnschen, w\u00e4re eine Verhaltenstherapie m\u00f6glicherweise geeigneter.<\/p>\n<p class=\"p1\" style=\"text-align: right;\">Auch wenn im Rahmen der tiefenpsychologisch fundierten Psychotherapie die Einfl\u00fcsse der Kindheit und Jugend ber\u00fccksichtigt werden &#8211; diese oft als Ursache f\u00fcr problematische Beziehungsmuster angesehen werden- bleibt der Fokus in der Bew\u00e4ltigung der aktuellen Lebenssituation.<\/p>\n<p>&nbsp;<\/p>\n<p class=\"p1\"><img loading=\"lazy\" decoding=\"async\" class=\"alignnone wp-image-46 size-medium\" src=\"http:\/\/psychotherapie-guth-minden.de\/wp-content\/uploads\/2025\/01\/Kontakt_weg-225x300.jpg\" alt=\"\" width=\"225\" height=\"300\" srcset=\"http:\/\/psychotherapie-guth-minden.de\/wp-content\/uploads\/2025\/01\/Kontakt_weg-225x300.jpg 225w, http:\/\/psychotherapie-guth-minden.de\/wp-content\/uploads\/2025\/01\/Kontakt_weg-768x1024.jpg 768w, http:\/\/psychotherapie-guth-minden.de\/wp-content\/uploads\/2025\/01\/Kontakt_weg-1152x1536.jpg 1152w, http:\/\/psychotherapie-guth-minden.de\/wp-content\/uploads\/2025\/01\/Kontakt_weg-1536x2048.jpg 1536w, http:\/\/psychotherapie-guth-minden.de\/wp-content\/uploads\/2025\/01\/Kontakt_weg-960x1280.jpg 960w, http:\/\/psychotherapie-guth-minden.de\/wp-content\/uploads\/2025\/01\/Kontakt_weg-scaled.jpg 1920w\" sizes=\"auto, (max-width: 225px) 100vw, 225px\" \/><\/p>\n<p class=\"p1\"><b>Meine Arbeitsweise und Therapiemethode<\/b><\/p>\n<p class=\"p1\">Eine Psychotherapie ist mit einer langen Wanderung zu vergleichen, zu der auch Anstrengungen und M\u00fchen geh\u00f6ren, da es nicht leicht ist, die erworbenen Einsichten im t\u00e4glichen Leben umzusetzen. Meine Rolle als Psychotherapeutin ist dabei nicht die einer \u201eBergf\u00fchrerin\u201c, die das Ziel Ihrer Wanderung kennt, sondern ich verstehe mich als Ihre Begleiterin, die ihr Wissen und ihre Erfahrung zur Verf\u00fcgung stellt, um Ihnen bei der L\u00f6sung Ihrer Probleme behilflich zu sein. Ich kann nicht f\u00fcr Sie das \u201eZiel\u201c erreichen. Ich bin daher als Psychotherapeutin in besonderem Ma\u00dfe auf Ihre Mitarbeit angewiesen. Wir tragen beide gemeinsam die Verantwortung f\u00fcr das Gelingen der Therapie.<\/p>\n<p class=\"p1\">In der tiefenpsychologisch fundierten Psychotherapie h\u00e4ngt der Erfolg aber davon ab, dass Ihre Fragen weniger an die Expertin als viel mehr an sich selbst gehen. Daraus folgt, dass ich Ihnen keine Ratschl\u00e4ge bei Lebensentscheidungen geben werde, da dies nicht meine Aufgabe ist, vielmehr m\u00f6chte ich Sie dabei begleiten, die f\u00fcr Sie richtigen Entscheidungen treffen zu k\u00f6nnen. Es k\u00f6nnte f\u00fcr Sie irritierend sein, dass ich mich hierbei anders verhalte, als es in sonstigen sozialen Beziehungen \u00fcblich ist (zu schweigen, wo \u201enormale\u201c Gegen\u00fcber sprechen, mit Fragen zu \u201enerven\u201c, auf weitere Kl\u00e4rungen zu bestehen, wo andere Gespr\u00e4chspartner schon nicht mehr nachfragen w\u00fcrden). Es ist wichtig, in der Therapie alles auszusprechen, was Ihnen durch den Kopf geht. Sie sollen sich keine Gedanken machen, ob es unwichtig oder wichtig ist, ob es hierher geh\u00f6rt oder nicht. Meine Aufgabe ist es dann, Ihre Einf\u00e4lle zu sortieren, das f\u00fcr das zwischen uns vereinbarte Therapieziel Wichtige auszuw\u00e4hlen und mit Ihnen zu bearbeiten. Dabei ist es auch von Bedeutung, dass Sie zentrale Entscheidungen (z.B. K\u00fcndigungen, Trennungen&#8230;) nicht impulsiv durchf\u00fchren, sondern in der Therapie zur Sprache bringen und nicht verschweigen.<\/p>\n<p class=\"p1\">Neben der Gespr\u00e4chstherapie biete ich meinen Patienten auch die M\u00f6glichkeit an, mittels innerer Bilder und Symbole einen vertieften Zugang zu bisher unbewussten inneren Konflikten und L\u00f6sungsm\u00f6glichkeiten zu bekommen (katathym imaginative Psychotherapie). Ebenso bietet diese Therapiemethode eine sehr effektive Behandlung von Beziehungstraumatisierungen.<\/p>\n","protected":false},"excerpt":{"rendered":"<p>Sie \u00fcberlegen eine Psychotherapie zu beginnen? Dazu geh\u00f6rt immer auch ein wenig Mut, da der Gang zur Psychotherapeutin auch heute noch nicht selbstverst\u00e4ndlich ist. Die folgenden Informationen sollen Ihnen zur Vorbereitung auf die Therapie dienen. W\u00e4hrend die Verhaltenstherapie vor allem darauf abzielt, schnell eine Beeinflussung des st\u00f6renden Verhaltens zu erzielen, m\u00f6chte die tiefenpsychologisch fundierte Psychotherapie &hellip; <\/p>\n<p class=\"link-more\"><a href=\"http:\/\/psychotherapie-guth-minden.de\/?page_id=106\" class=\"more-link\"><span class=\"screen-reader-text\">\u201eMeine Therapiemethode\u201c<\/span> weiterlesen<\/a><\/p>\n","protected":false},"author":1,"featured_media":0,"parent":0,"menu_order":0,"comment_status":"closed","ping_status":"closed","template":"","meta":{"footnotes":""},"class_list":["post-106","page","type-page","status-publish","hentry"],"yoast_head":"<!-- This site is optimized with the Yoast SEO plugin v26.8 - https:\/\/yoast.com\/product\/yoast-seo-wordpress\/ -->\n<title>Meine Therapiemethode - Tatjana Guth<\/title>\n<meta name=\"robots\" content=\"index, follow, max-snippet:-1, max-image-preview:large, max-video-preview:-1\" \/>\n<link rel=\"canonical\" href=\"http:\/\/psychotherapie-guth-minden.de\/?page_id=106\" \/>\n<meta property=\"og:locale\" content=\"de_DE\" \/>\n<meta property=\"og:type\" content=\"article\" \/>\n<meta property=\"og:title\" content=\"Meine Therapiemethode - Tatjana Guth\" \/>\n<meta property=\"og:description\" content=\"Sie \u00fcberlegen eine Psychotherapie zu beginnen? Dazu geh\u00f6rt immer auch ein wenig Mut, da der Gang zur Psychotherapeutin auch heute noch nicht selbstverst\u00e4ndlich ist. Die folgenden Informationen sollen Ihnen zur Vorbereitung auf die Therapie dienen. W\u00e4hrend die Verhaltenstherapie vor allem darauf abzielt, schnell eine Beeinflussung des st\u00f6renden Verhaltens zu erzielen, m\u00f6chte die tiefenpsychologisch fundierte Psychotherapie &hellip; \u201eMeine Therapiemethode\u201c weiterlesen\" \/>\n<meta property=\"og:url\" content=\"http:\/\/psychotherapie-guth-minden.de\/?page_id=106\" \/>\n<meta property=\"og:site_name\" content=\"Tatjana Guth\" \/>\n<meta property=\"article:modified_time\" content=\"2025-01-29T16:10:38+00:00\" \/>\n<meta property=\"og:image\" content=\"http:\/\/psychotherapie-guth-minden.de\/wp-content\/uploads\/2025\/01\/praxis-bild-2-scaled.jpg\" \/>\n\t<meta property=\"og:image:width\" content=\"1920\" \/>\n\t<meta property=\"og:image:height\" content=\"2560\" \/>\n\t<meta property=\"og:image:type\" content=\"image\/jpeg\" \/>\n<meta name=\"twitter:card\" content=\"summary_large_image\" \/>\n<meta name=\"twitter:label1\" content=\"Gesch\u00e4tzte Lesezeit\" \/>\n\t<meta name=\"twitter:data1\" content=\"5\u00a0Minuten\" \/>\n<script type=\"application\/ld+json\" class=\"yoast-schema-graph\">{\"@context\":\"https:\/\/schema.org\",\"@graph\":[{\"@type\":\"WebPage\",\"@id\":\"http:\/\/psychotherapie-guth-minden.de\/?page_id=106\",\"url\":\"http:\/\/psychotherapie-guth-minden.de\/?page_id=106\",\"name\":\"Meine Therapiemethode - Tatjana Guth\",\"isPartOf\":{\"@id\":\"http:\/\/psychotherapie-guth-minden.de\/#website\"},\"primaryImageOfPage\":{\"@id\":\"http:\/\/psychotherapie-guth-minden.de\/?page_id=106#primaryimage\"},\"image\":{\"@id\":\"http:\/\/psychotherapie-guth-minden.de\/?page_id=106#primaryimage\"},\"thumbnailUrl\":\"http:\/\/psychotherapie-guth-minden.de\/wp-content\/uploads\/2025\/01\/praxis-bild-2-225x300.jpg\",\"datePublished\":\"2025-01-05T20:24:51+00:00\",\"dateModified\":\"2025-01-29T16:10:38+00:00\",\"breadcrumb\":{\"@id\":\"http:\/\/psychotherapie-guth-minden.de\/?page_id=106#breadcrumb\"},\"inLanguage\":\"de\",\"potentialAction\":[{\"@type\":\"ReadAction\",\"target\":[\"http:\/\/psychotherapie-guth-minden.de\/?page_id=106\"]}]},{\"@type\":\"ImageObject\",\"inLanguage\":\"de\",\"@id\":\"http:\/\/psychotherapie-guth-minden.de\/?page_id=106#primaryimage\",\"url\":\"http:\/\/psychotherapie-guth-minden.de\/wp-content\/uploads\/2025\/01\/praxis-bild-2-scaled.jpg\",\"contentUrl\":\"http:\/\/psychotherapie-guth-minden.de\/wp-content\/uploads\/2025\/01\/praxis-bild-2-scaled.jpg\",\"width\":1920,\"height\":2560},{\"@type\":\"BreadcrumbList\",\"@id\":\"http:\/\/psychotherapie-guth-minden.de\/?page_id=106#breadcrumb\",\"itemListElement\":[{\"@type\":\"ListItem\",\"position\":1,\"name\":\"Startseite\",\"item\":\"http:\/\/psychotherapie-guth-minden.de\/\"},{\"@type\":\"ListItem\",\"position\":2,\"name\":\"Meine Therapiemethode\"}]},{\"@type\":\"WebSite\",\"@id\":\"http:\/\/psychotherapie-guth-minden.de\/#website\",\"url\":\"http:\/\/psychotherapie-guth-minden.de\/\",\"name\":\"Tatjana Guth. Psychotherapeutin. Minden\",\"description\":\"Praxis f\u00fcr Psychotherapie. Minden \",\"potentialAction\":[{\"@type\":\"SearchAction\",\"target\":{\"@type\":\"EntryPoint\",\"urlTemplate\":\"http:\/\/psychotherapie-guth-minden.de\/?s={search_term_string}\"},\"query-input\":{\"@type\":\"PropertyValueSpecification\",\"valueRequired\":true,\"valueName\":\"search_term_string\"}}],\"inLanguage\":\"de\"}]}<\/script>\n<!-- \/ Yoast SEO plugin. -->","yoast_head_json":{"title":"Meine Therapiemethode - Tatjana Guth","robots":{"index":"index","follow":"follow","max-snippet":"max-snippet:-1","max-image-preview":"max-image-preview:large","max-video-preview":"max-video-preview:-1"},"canonical":"http:\/\/psychotherapie-guth-minden.de\/?page_id=106","og_locale":"de_DE","og_type":"article","og_title":"Meine Therapiemethode - Tatjana Guth","og_description":"Sie \u00fcberlegen eine Psychotherapie zu beginnen? Dazu geh\u00f6rt immer auch ein wenig Mut, da der Gang zur Psychotherapeutin auch heute noch nicht selbstverst\u00e4ndlich ist. Die folgenden Informationen sollen Ihnen zur Vorbereitung auf die Therapie dienen. W\u00e4hrend die Verhaltenstherapie vor allem darauf abzielt, schnell eine Beeinflussung des st\u00f6renden Verhaltens zu erzielen, m\u00f6chte die tiefenpsychologisch fundierte Psychotherapie &hellip; \u201eMeine Therapiemethode\u201c weiterlesen","og_url":"http:\/\/psychotherapie-guth-minden.de\/?page_id=106","og_site_name":"Tatjana Guth","article_modified_time":"2025-01-29T16:10:38+00:00","og_image":[{"width":1920,"height":2560,"url":"http:\/\/psychotherapie-guth-minden.de\/wp-content\/uploads\/2025\/01\/praxis-bild-2-scaled.jpg","type":"image\/jpeg"}],"twitter_card":"summary_large_image","twitter_misc":{"Gesch\u00e4tzte Lesezeit":"5\u00a0Minuten"},"schema":{"@context":"https:\/\/schema.org","@graph":[{"@type":"WebPage","@id":"http:\/\/psychotherapie-guth-minden.de\/?page_id=106","url":"http:\/\/psychotherapie-guth-minden.de\/?page_id=106","name":"Meine Therapiemethode - Tatjana Guth","isPartOf":{"@id":"http:\/\/psychotherapie-guth-minden.de\/#website"},"primaryImageOfPage":{"@id":"http:\/\/psychotherapie-guth-minden.de\/?page_id=106#primaryimage"},"image":{"@id":"http:\/\/psychotherapie-guth-minden.de\/?page_id=106#primaryimage"},"thumbnailUrl":"http:\/\/psychotherapie-guth-minden.de\/wp-content\/uploads\/2025\/01\/praxis-bild-2-225x300.jpg","datePublished":"2025-01-05T20:24:51+00:00","dateModified":"2025-01-29T16:10:38+00:00","breadcrumb":{"@id":"http:\/\/psychotherapie-guth-minden.de\/?page_id=106#breadcrumb"},"inLanguage":"de","potentialAction":[{"@type":"ReadAction","target":["http:\/\/psychotherapie-guth-minden.de\/?page_id=106"]}]},{"@type":"ImageObject","inLanguage":"de","@id":"http:\/\/psychotherapie-guth-minden.de\/?page_id=106#primaryimage","url":"http:\/\/psychotherapie-guth-minden.de\/wp-content\/uploads\/2025\/01\/praxis-bild-2-scaled.jpg","contentUrl":"http:\/\/psychotherapie-guth-minden.de\/wp-content\/uploads\/2025\/01\/praxis-bild-2-scaled.jpg","width":1920,"height":2560},{"@type":"BreadcrumbList","@id":"http:\/\/psychotherapie-guth-minden.de\/?page_id=106#breadcrumb","itemListElement":[{"@type":"ListItem","position":1,"name":"Startseite","item":"http:\/\/psychotherapie-guth-minden.de\/"},{"@type":"ListItem","position":2,"name":"Meine Therapiemethode"}]},{"@type":"WebSite","@id":"http:\/\/psychotherapie-guth-minden.de\/#website","url":"http:\/\/psychotherapie-guth-minden.de\/","name":"Tatjana Guth. Psychotherapeutin. Minden","description":"Praxis f\u00fcr Psychotherapie. Minden ","potentialAction":[{"@type":"SearchAction","target":{"@type":"EntryPoint","urlTemplate":"http:\/\/psychotherapie-guth-minden.de\/?s={search_term_string}"},"query-input":{"@type":"PropertyValueSpecification","valueRequired":true,"valueName":"search_term_string"}}],"inLanguage":"de"}]}},"_links":{"self":[{"href":"http:\/\/psychotherapie-guth-minden.de\/index.php?rest_route=\/wp\/v2\/pages\/106","targetHints":{"allow":["GET"]}}],"collection":[{"href":"http:\/\/psychotherapie-guth-minden.de\/index.php?rest_route=\/wp\/v2\/pages"}],"about":[{"href":"http:\/\/psychotherapie-guth-minden.de\/index.php?rest_route=\/wp\/v2\/types\/page"}],"author":[{"embeddable":true,"href":"http:\/\/psychotherapie-guth-minden.de\/index.php?rest_route=\/wp\/v2\/users\/1"}],"replies":[{"embeddable":true,"href":"http:\/\/psychotherapie-guth-minden.de\/index.php?rest_route=%2Fwp%2Fv2%2Fcomments&post=106"}],"version-history":[{"count":10,"href":"http:\/\/psychotherapie-guth-minden.de\/index.php?rest_route=\/wp\/v2\/pages\/106\/revisions"}],"predecessor-version":[{"id":143,"href":"http:\/\/psychotherapie-guth-minden.de\/index.php?rest_route=\/wp\/v2\/pages\/106\/revisions\/143"}],"wp:attachment":[{"href":"http:\/\/psychotherapie-guth-minden.de\/index.php?rest_route=%2Fwp%2Fv2%2Fmedia&parent=106"}],"curies":[{"name":"wp","href":"https:\/\/api.w.org\/{rel}","templated":true}]}}