{"id":144,"date":"2025-01-29T16:12:36","date_gmt":"2025-01-29T16:12:36","guid":{"rendered":"http:\/\/psychotherapie-guth-minden.de\/?page_id=144"},"modified":"2025-01-29T16:12:36","modified_gmt":"2025-01-29T16:12:36","slug":"behandlungsschwerpunkte","status":"publish","type":"page","link":"http:\/\/psychotherapie-guth-minden.de\/?page_id=144","title":{"rendered":"Behandlungsschwerpunkte"},"content":{"rendered":"<div dir=\"ltr\">In meiner Praxis behandele ich schwerpunktm\u00e4\u00dfig Patientinnen und Patienten mit folgenden Beschwerden:<\/div>\n<div dir=\"ltr\"><\/div>\n<ul>\n<li dir=\"ltr\">Depressive St\u00f6rungen<\/li>\n<li dir=\"ltr\">Trauerreaktionen<\/li>\n<li dir=\"ltr\">Angstst\u00f6rungen<\/li>\n<li dir=\"ltr\">Psychosomatische Erkrankungen<\/li>\n<li dir=\"ltr\">Psychische Beschwerden infolge von organischen Erkrankungen (z.B. kardiologische \u00a0 \u00a0 \u00a0oder onkologische Erkrankungen)<\/li>\n<li dir=\"ltr\">Schlafst\u00f6rungen<\/li>\n<li dir=\"ltr\">Selbstwertproblematik<\/li>\n<li dir=\"ltr\">Beziehungsst\u00f6rungen<\/li>\n<li dir=\"ltr\">Pers\u00f6nlichkeitsst\u00f6rungen<\/li>\n<li dir=\"ltr\">Traumafolgest\u00f6rungen<\/li>\n<\/ul>\n","protected":false},"excerpt":{"rendered":"<p>In meiner Praxis behandele ich schwerpunktm\u00e4\u00dfig Patientinnen und Patienten mit folgenden Beschwerden: Depressive St\u00f6rungen Trauerreaktionen Angstst\u00f6rungen Psychosomatische Erkrankungen Psychische Beschwerden infolge von organischen Erkrankungen (z.B. kardiologische \u00a0 \u00a0 \u00a0oder onkologische Erkrankungen) Schlafst\u00f6rungen Selbstwertproblematik Beziehungsst\u00f6rungen Pers\u00f6nlichkeitsst\u00f6rungen Traumafolgest\u00f6rungen<\/p>\n","protected":false},"author":1,"featured_media":0,"parent":0,"menu_order":0,"comment_status":"closed","ping_status":"closed","template":"","meta":{"footnotes":""},"class_list":["post-144","page","type-page","status-publish","hentry"],"yoast_head":"<!-- This site is optimized with the Yoast SEO plugin v26.8 - https:\/\/yoast.com\/product\/yoast-seo-wordpress\/ -->\n<title>Behandlungsschwerpunkte - Tatjana Guth<\/title>\n<meta name=\"robots\" content=\"index, follow, max-snippet:-1, max-image-preview:large, max-video-preview:-1\" \/>\n<link rel=\"canonical\" href=\"http:\/\/psychotherapie-guth-minden.de\/?page_id=144\" \/>\n<meta property=\"og:locale\" content=\"de_DE\" \/>\n<meta property=\"og:type\" content=\"article\" \/>\n<meta property=\"og:title\" content=\"Behandlungsschwerpunkte - Tatjana Guth\" \/>\n<meta property=\"og:description\" content=\"In meiner Praxis behandele ich schwerpunktm\u00e4\u00dfig Patientinnen und Patienten mit folgenden Beschwerden: Depressive St\u00f6rungen Trauerreaktionen Angstst\u00f6rungen Psychosomatische Erkrankungen Psychische Beschwerden infolge von organischen Erkrankungen (z.B. kardiologische \u00a0 \u00a0 \u00a0oder onkologische Erkrankungen) Schlafst\u00f6rungen Selbstwertproblematik Beziehungsst\u00f6rungen Pers\u00f6nlichkeitsst\u00f6rungen Traumafolgest\u00f6rungen\" \/>\n<meta property=\"og:url\" content=\"http:\/\/psychotherapie-guth-minden.de\/?page_id=144\" \/>\n<meta property=\"og:site_name\" content=\"Tatjana Guth\" \/>\n<meta name=\"twitter:card\" content=\"summary_large_image\" \/>\n<meta name=\"twitter:label1\" content=\"Gesch\u00e4tzte Lesezeit\" \/>\n\t<meta name=\"twitter:data1\" content=\"4\u00a0Minuten\" \/>\n<script type=\"application\/ld+json\" class=\"yoast-schema-graph\">{\"@context\":\"https:\/\/schema.org\",\"@graph\":[{\"@type\":\"WebPage\",\"@id\":\"http:\/\/psychotherapie-guth-minden.de\/?page_id=144\",\"url\":\"http:\/\/psychotherapie-guth-minden.de\/?page_id=144\",\"name\":\"Behandlungsschwerpunkte - Tatjana Guth\",\"isPartOf\":{\"@id\":\"http:\/\/psychotherapie-guth-minden.de\/#website\"},\"datePublished\":\"2025-01-29T16:12:36+00:00\",\"breadcrumb\":{\"@id\":\"http:\/\/psychotherapie-guth-minden.de\/?page_id=144#breadcrumb\"},\"inLanguage\":\"de\",\"potentialAction\":[{\"@type\":\"ReadAction\",\"target\":[\"http:\/\/psychotherapie-guth-minden.de\/?page_id=144\"]}]},{\"@type\":\"BreadcrumbList\",\"@id\":\"http:\/\/psychotherapie-guth-minden.de\/?page_id=144#breadcrumb\",\"itemListElement\":[{\"@type\":\"ListItem\",\"position\":1,\"name\":\"Startseite\",\"item\":\"http:\/\/psychotherapie-guth-minden.de\/\"},{\"@type\":\"ListItem\",\"position\":2,\"name\":\"Behandlungsschwerpunkte\"}]},{\"@type\":\"WebSite\",\"@id\":\"http:\/\/psychotherapie-guth-minden.de\/#website\",\"url\":\"http:\/\/psychotherapie-guth-minden.de\/\",\"name\":\"Tatjana Guth. Psychotherapeutin. Minden\",\"description\":\"Praxis f\u00fcr Psychotherapie. Minden \",\"potentialAction\":[{\"@type\":\"SearchAction\",\"target\":{\"@type\":\"EntryPoint\",\"urlTemplate\":\"http:\/\/psychotherapie-guth-minden.de\/?s={search_term_string}\"},\"query-input\":{\"@type\":\"PropertyValueSpecification\",\"valueRequired\":true,\"valueName\":\"search_term_string\"}}],\"inLanguage\":\"de\"}]}<\/script>\n<!-- \/ Yoast SEO plugin. -->","yoast_head_json":{"title":"Behandlungsschwerpunkte - Tatjana Guth","robots":{"index":"index","follow":"follow","max-snippet":"max-snippet:-1","max-image-preview":"max-image-preview:large","max-video-preview":"max-video-preview:-1"},"canonical":"http:\/\/psychotherapie-guth-minden.de\/?page_id=144","og_locale":"de_DE","og_type":"article","og_title":"Behandlungsschwerpunkte - Tatjana Guth","og_description":"In meiner Praxis behandele ich schwerpunktm\u00e4\u00dfig Patientinnen und Patienten mit folgenden Beschwerden: Depressive St\u00f6rungen Trauerreaktionen Angstst\u00f6rungen Psychosomatische Erkrankungen Psychische Beschwerden infolge von organischen Erkrankungen (z.B. kardiologische \u00a0 \u00a0 \u00a0oder onkologische Erkrankungen) Schlafst\u00f6rungen Selbstwertproblematik Beziehungsst\u00f6rungen Pers\u00f6nlichkeitsst\u00f6rungen Traumafolgest\u00f6rungen","og_url":"http:\/\/psychotherapie-guth-minden.de\/?page_id=144","og_site_name":"Tatjana Guth","twitter_card":"summary_large_image","twitter_misc":{"Gesch\u00e4tzte Lesezeit":"4\u00a0Minuten"},"schema":{"@context":"https:\/\/schema.org","@graph":[{"@type":"WebPage","@id":"http:\/\/psychotherapie-guth-minden.de\/?page_id=144","url":"http:\/\/psychotherapie-guth-minden.de\/?page_id=144","name":"Behandlungsschwerpunkte - Tatjana Guth","isPartOf":{"@id":"http:\/\/psychotherapie-guth-minden.de\/#website"},"datePublished":"2025-01-29T16:12:36+00:00","breadcrumb":{"@id":"http:\/\/psychotherapie-guth-minden.de\/?page_id=144#breadcrumb"},"inLanguage":"de","potentialAction":[{"@type":"ReadAction","target":["http:\/\/psychotherapie-guth-minden.de\/?page_id=144"]}]},{"@type":"BreadcrumbList","@id":"http:\/\/psychotherapie-guth-minden.de\/?page_id=144#breadcrumb","itemListElement":[{"@type":"ListItem","position":1,"name":"Startseite","item":"http:\/\/psychotherapie-guth-minden.de\/"},{"@type":"ListItem","position":2,"name":"Behandlungsschwerpunkte"}]},{"@type":"WebSite","@id":"http:\/\/psychotherapie-guth-minden.de\/#website","url":"http:\/\/psychotherapie-guth-minden.de\/","name":"Tatjana Guth. Psychotherapeutin. Minden","description":"Praxis f\u00fcr Psychotherapie. Minden ","potentialAction":[{"@type":"SearchAction","target":{"@type":"EntryPoint","urlTemplate":"http:\/\/psychotherapie-guth-minden.de\/?s={search_term_string}"},"query-input":{"@type":"PropertyValueSpecification","valueRequired":true,"valueName":"search_term_string"}}],"inLanguage":"de"}]}},"_links":{"self":[{"href":"http:\/\/psychotherapie-guth-minden.de\/index.php?rest_route=\/wp\/v2\/pages\/144","targetHints":{"allow":["GET"]}}],"collection":[{"href":"http:\/\/psychotherapie-guth-minden.de\/index.php?rest_route=\/wp\/v2\/pages"}],"about":[{"href":"http:\/\/psychotherapie-guth-minden.de\/index.php?rest_route=\/wp\/v2\/types\/page"}],"author":[{"embeddable":true,"href":"http:\/\/psychotherapie-guth-minden.de\/index.php?rest_route=\/wp\/v2\/users\/1"}],"replies":[{"embeddable":true,"href":"http:\/\/psychotherapie-guth-minden.de\/index.php?rest_route=%2Fwp%2Fv2%2Fcomments&post=144"}],"version-history":[{"count":1,"href":"http:\/\/psychotherapie-guth-minden.de\/index.php?rest_route=\/wp\/v2\/pages\/144\/revisions"}],"predecessor-version":[{"id":147,"href":"http:\/\/psychotherapie-guth-minden.de\/index.php?rest_route=\/wp\/v2\/pages\/144\/revisions\/147"}],"wp:attachment":[{"href":"http:\/\/psychotherapie-guth-minden.de\/index.php?rest_route=%2Fwp%2Fv2%2Fmedia&parent=144"}],"curies":[{"name":"wp","href":"https:\/\/api.w.org\/{rel}","templated":true}]}}